{"id":1004,"date":"2015-03-03T13:41:04","date_gmt":"2015-03-03T11:41:04","guid":{"rendered":"http:\/\/www.casaorchidea.it\/?page_id=1004"},"modified":"2015-03-03T13:41:04","modified_gmt":"2015-03-03T11:41:04","slug":"weihnachten-silvester-gardasee-torri-2","status":"publish","type":"page","link":"https:\/\/www.casaorchidea.it\/de\/weihnachten-silvester-gardasee-torri-2\/","title":{"rendered":"Weihnachten und Silvester"},"content":{"rendered":"<div class=\"wpb-content-wrapper\"><p>Gern stehen unsere Wohnungen auch zum Weihnachten und Silvester zur Verf\u00fcgung. Verf\u00fcgbarkeit und Preise k\u00f6nnen Sie sofort sehen wenn Sie <a title=\"Preise und Verf\u00fcgbarkeit\" href=\"http:\/\/booking.casaorchidea.eu\/index.php\/booking\">hier klicken<\/a>.<\/p>\n<div style=\"text-align: center;\">[vc_row el_position=&#8220;first&#8220;] [vc_column][vc_button title=&#8220;PREISE &#8211; VERF\u00dcGBARKEIT&#8220; href=&#8220;http:\/\/booking.casaorchidea.eu\/index.php\/booking&#8220; color=&#8220;btn-danger&#8220; size=&#8220;wpb_regularsize&#8220; icon=&#8220;none&#8220; target=&#8220;_self&#8220; el_position=&#8220;first last&#8220;][\/vc_column] [\/vc_row]<\/div>\n<figure id=\"attachment_934\" aria-describedby=\"caption-attachment-934\" style=\"width: 430px\" class=\"wp-caption aligncenter\"><a href=\"https:\/\/www.casaorchidea.it\/wp-content\/uploads\/2012\/09\/silvester-gardasee-torri-del-benaco1.jpg\"><img loading=\"lazy\" decoding=\"async\" class=\"size-large wp-image-934\" alt=\"Torri del Benaco - der Hafen in Winter\" src=\"https:\/\/www.casaorchidea.it\/wp-content\/uploads\/2012\/09\/silvester-gardasee-torri-del-benaco1-480x321.jpg\" width=\"440\" height=\"321\" \/><\/a><figcaption id=\"caption-attachment-934\" class=\"wp-caption-text\">Torri del Benaco &#8211; Silvester<\/figcaption><\/figure>\n<hr \/>\n<p><strong>Im Preis inbegriffen<\/strong><\/p>\n<ul>\n<li>Wohnung: Komplett eingerichtet mit Strom, Wasser, Heizung<\/li>\n<li>Sat-TV 32 Zoll, WLan, Safe<\/li>\n<li>K\u00fcchennische: ausreichende Ausr\u00fcstung mit 4 Elektroplatten, K\u00fchlschrank, Kaffeemaschine, Mikrowellenger\u00e4t<\/li>\n<li>Badezimmer: mit Du\/WC\/Bidet, Ph\u00f6n<\/li>\n<li>W\u00e4sche: Bettw\u00e4sche (Daunen Bettdecke) + Handt\u00fccher u. Badet\u00fccher<\/li>\n<li>Reinigung: jeden 7. Tag (ohne K\u00fcchenreinigung) und Endreinigung<\/li>\n<li>Parkplatz<\/li>\n<\/ul>\n<p><strong>Erm\u00e4\u00dfigungen<\/strong><\/p>\n<ul>\n<li>Kleinkinder in Kinderbett sind immer frei<\/li>\n<li>Niedrige und Zwischensaison: Kinder bis 5 Jahre frei<\/li>\n<li>In Ferienwohnung Typ A bei 2 Erwachsene u. 2 Kinder ist ein Kind immer frei<\/li>\n<\/ul>\n<p><strong>Nicht im Preis inbegriffen<\/strong><\/p>\n<ul>\n<li>Extra W\u00e4schewechsel: \u20ac 7,00<\/li>\n<\/ul>\n<p><strong>Zahlungskonditionen<br \/>\n<\/strong><\/p>\n<ul>\n<li>Anzahlung: bei fester Buchung bitten wir um eine Anzahlung ueber bis Euro 100,- p\/Appartment\/Woche auf unser Bankkont.<br \/>\nDie Kontonummer wird Ihnen bekannt gegeben mit unserer Best\u00e4tigung<\/li>\n<li>Rechnung: Sie koennen Ihre Rechnung bei Ankunft (oder 2. Tag) bezahlen<\/li>\n<li>Die Bezahlung erfolgt in Bar<\/li>\n<li>Kaution: Eine Kaution \u00fcber 100 Euro wird automatisch auf Ihre Rechnung gerechnet und zur\u00fcckerstattet bei Abfahrt<\/li>\n<\/ul>\n<p><strong>An- und Abreisezeit<\/strong><\/p>\n<ul>\n<li>Anreisezeit: ab 16:00 bis 18:30 Uhr<br \/>\nSp\u00e4tere Anreisezeit bitte vorher melden<\/li>\n<li>Anreisetag: nach m\u00f6glichkeit Samstags (sollte aber nicht m\u00f6glich sein, versuchen wir Ihnen gern entgegen zu kommen)<\/li>\n<li>Abreisezeit: bis 10:00 Uhr der Abreisetag<\/li>\n<\/ul>\n<p><strong>Sonstiges<\/strong><\/p>\n<ul>\n<li>In unseren Ferienwohnungen ist das Rauchen nicht erlaubt<\/li>\n<li>Kleine Haustiere nach Anfrage m\u00f6glich (Euro 5,00 p\/Tag)<\/li>\n<\/ul>\n<hr \/>\n<p>Lassen Sie sich eine <a title=\"Ferienwohnung Torri del Benaco Anfrage\" href=\"https:\/\/www.casaorchidea.it\/ferienwohnungen-gardasee-torri\/ferienwohnung-torri-del-benaco-anfrage\/\">unverbindliche Angebot zusenden<\/a><\/p>\n<p><a title=\"Ferienwohnung Torri del Benaco Typ A f\u00fcr kleine Familien\" href=\"https:\/\/www.casaorchidea.it\/ferienwohnungen-gardasee-torri\/ferienwohnung-torri-del-benaco-a\/ferienwohnung-torri-del-benaco-typ-a-fur-kleine-familien\/\">Bilder Ferienwohnung Typ A<\/a><\/p>\n<p><a title=\"Ferienwohnung Torri del Benaco Typ B f\u00fcr Familien\" href=\"https:\/\/www.casaorchidea.it\/ferienwohnungen-gardasee-torri\/ferienwohnung-torri-del-benaco-b\/ferienwohnung-torri-del-benaco-fuer-familien\/\">Bilder Ferienwohnung Typ B<\/a><\/p>\n<\/div>","protected":false},"excerpt":{"rendered":"<p>Gern stehen unsere Wohnungen auch zum Weihnachten und Silvester zur Verf\u00fcgung. Verf\u00fcgbarkeit und Preise k\u00f6nnen Sie sofort sehen wenn Sie hier klicken. [vc_row el_position=&#8220;first&#8220;] [vc_column][vc_button title=&#8220;PREISE &#8211; VERF\u00dcGBARKEIT&#8220; href=&#8220;http:\/\/booking.casaorchidea.eu\/index.php\/booking&#8220; color=&#8220;btn-danger&#8220; size=&#8220;wpb_regularsize&#8220; icon=&#8220;none&#8220; target=&#8220;_self&#8220; el_position=&#8220;first last&#8220;][\/vc_column] [\/vc_row] Im Preis inbegriffen Wohnung: Komplett eingerichtet mit Strom, Wasser, Heizung Sat-TV 32 Zoll, WLan, Safe K\u00fcchennische: ausreichende Ausr\u00fcstung mit &#8230; <a title=\"Weihnachten und Silvester\" class=\"read-more\" href=\"https:\/\/www.casaorchidea.it\/de\/weihnachten-silvester-gardasee-torri-2\/\" aria-label=\"Mehr Informationen \u00fcber Weihnachten und Silvester\">Continue&#8230;<\/a><\/p>\n","protected":false},"author":1,"featured_media":0,"parent":0,"menu_order":4,"comment_status":"closed","ping_status":"closed","template":"","meta":{"ngg_post_thumbnail":0,"generate_page_header":"","footnotes":""},"class_list":["post-1004","page","type-page","status-publish"],"_links":{"self":[{"href":"https:\/\/www.casaorchidea.it\/de\/wp-json\/wp\/v2\/pages\/1004","targetHints":{"allow":["GET"]}}],"collection":[{"href":"https:\/\/www.casaorchidea.it\/de\/wp-json\/wp\/v2\/pages"}],"about":[{"href":"https:\/\/www.casaorchidea.it\/de\/wp-json\/wp\/v2\/types\/page"}],"author":[{"embeddable":true,"href":"https:\/\/www.casaorchidea.it\/de\/wp-json\/wp\/v2\/users\/1"}],"replies":[{"embeddable":true,"href":"https:\/\/www.casaorchidea.it\/de\/wp-json\/wp\/v2\/comments?post=1004"}],"version-history":[{"count":1,"href":"https:\/\/www.casaorchidea.it\/de\/wp-json\/wp\/v2\/pages\/1004\/revisions"}],"predecessor-version":[{"id":1005,"href":"https:\/\/www.casaorchidea.it\/de\/wp-json\/wp\/v2\/pages\/1004\/revisions\/1005"}],"wp:attachment":[{"href":"https:\/\/www.casaorchidea.it\/de\/wp-json\/wp\/v2\/media?parent=1004"}],"curies":[{"name":"wp","href":"https:\/\/api.w.org\/{rel}","templated":true}]}}

<div class="wpb-content-wrapper"><p>Gern stehen unsere Wohnungen auch zum Weihnachten und Silvester zur Verfügung. Verfügbarkeit und Preise können Sie sofort sehen wenn Sie <a title="Preise und Verfügbarkeit" href="http://booking.casaorchidea.eu/index.php/booking">hier klicken</a>.</p>
<div style="text-align: center;">[vc_row el_position=&#8220;first&#8220;] [vc_column][vc_button title=&#8220;PREISE &#8211; VERFÜGBARKEIT&#8220; href=&#8220;http://booking.casaorchidea.eu/index.php/booking&#8220; color=&#8220;btn-danger&#8220; size=&#8220;wpb_regularsize&#8220; icon=&#8220;none&#8220; target=&#8220;_self&#8220; el_position=&#8220;first last&#8220;][/vc_column] [/vc_row]</div>
<figure id="attachment_934" aria-describedby="caption-attachment-934" style="width: 430px" class="wp-caption aligncenter"><a href="https://www.casaorchidea.it/wp-content/uploads/2012/09/silvester-gardasee-torri-del-benaco1.jpg"><img loading="lazy" decoding="async" class="size-large wp-image-934" alt="Torri del Benaco - der Hafen in Winter" src="https://www.casaorchidea.it/wp-content/uploads/2012/09/silvester-gardasee-torri-del-benaco1-480x321.jpg" width="440" height="321" /></a><figcaption id="caption-attachment-934" class="wp-caption-text">Torri del Benaco &#8211; Silvester</figcaption></figure>
<hr />
<p><strong>Im Preis inbegriffen</strong></p>
<ul>
<li>Wohnung: Komplett eingerichtet mit Strom, Wasser, Heizung</li>
<li>Sat-TV 32 Zoll, WLan, Safe</li>
<li>Küchennische: ausreichende Ausrüstung mit 4 Elektroplatten, Kühlschrank, Kaffeemaschine, Mikrowellengerät</li>
<li>Badezimmer: mit Du/WC/Bidet, Phön</li>
<li>Wäsche: Bettwäsche (Daunen Bettdecke) + Handtücher u. Badetücher</li>
<li>Reinigung: jeden 7. Tag (ohne Küchenreinigung) und Endreinigung</li>
<li>Parkplatz</li>
</ul>
<p><strong>Ermäßigungen</strong></p>
<ul>
<li>Kleinkinder in Kinderbett sind immer frei</li>
<li>Niedrige und Zwischensaison: Kinder bis 5 Jahre frei</li>
<li>In Ferienwohnung Typ A bei 2 Erwachsene u. 2 Kinder ist ein Kind immer frei</li>
</ul>
<p><strong>Nicht im Preis inbegriffen</strong></p>
<ul>
<li>Extra Wäschewechsel: € 7,00</li>
</ul>
<p><strong>Zahlungskonditionen<br />
</strong></p>
<ul>
<li>Anzahlung: bei fester Buchung bitten wir um eine Anzahlung ueber bis Euro 100,- p/Appartment/Woche auf unser Bankkont.<br />
Die Kontonummer wird Ihnen bekannt gegeben mit unserer Bestätigung</li>
<li>Rechnung: Sie koennen Ihre Rechnung bei Ankunft (oder 2. Tag) bezahlen</li>
<li>Die Bezahlung erfolgt in Bar</li>
<li>Kaution: Eine Kaution über 100 Euro wird automatisch auf Ihre Rechnung gerechnet und zurückerstattet bei Abfahrt</li>
</ul>
<p><strong>An- und Abreisezeit</strong></p>
<ul>
<li>Anreisezeit: ab 16:00 bis 18:30 Uhr<br />
Spätere Anreisezeit bitte vorher melden</li>
<li>Anreisetag: nach möglichkeit Samstags (sollte aber nicht möglich sein, versuchen wir Ihnen gern entgegen zu kommen)</li>
<li>Abreisezeit: bis 10:00 Uhr der Abreisetag</li>
</ul>
<p><strong>Sonstiges</strong></p>
<ul>
<li>In unseren Ferienwohnungen ist das Rauchen nicht erlaubt</li>
<li>Kleine Haustiere nach Anfrage möglich (Euro 5,00 p/Tag)</li>
</ul>
<hr />
<p>Lassen Sie sich eine <a title="Ferienwohnung Torri del Benaco Anfrage" href="https://www.casaorchidea.it/ferienwohnungen-gardasee-torri/ferienwohnung-torri-del-benaco-anfrage/">unverbindliche Angebot zusenden</a></p>
<p><a title="Ferienwohnung Torri del Benaco Typ A für kleine Familien" href="https://www.casaorchidea.it/ferienwohnungen-gardasee-torri/ferienwohnung-torri-del-benaco-a/ferienwohnung-torri-del-benaco-typ-a-fur-kleine-familien/">Bilder Ferienwohnung Typ A</a></p>
<p><a title="Ferienwohnung Torri del Benaco Typ B für Familien" href="https://www.casaorchidea.it/ferienwohnungen-gardasee-torri/ferienwohnung-torri-del-benaco-b/ferienwohnung-torri-del-benaco-fuer-familien/">Bilder Ferienwohnung Typ B</a></p>
</div>

<p>Gern stehen unsere Wohnungen auch zum Weihnachten und Silvester zur Verfügung. Verfügbarkeit und Preise können Sie sofort sehen wenn Sie hier klicken. [vc_row el_position=&#8220;first&#8220;] [vc_column][vc_button title=&#8220;PREISE &#8211; VERFÜGBARKEIT&#8220; href=&#8220;http://booking.casaorchidea.eu/index.php/booking&#8220; color=&#8220;btn-danger&#8220; size=&#8220;wpb_regularsize&#8220; icon=&#8220;none&#8220; target=&#8220;_self&#8220; el_position=&#8220;first last&#8220;][/vc_column] [/vc_row] Im Preis inbegriffen Wohnung: Komplett eingerichtet mit Strom, Wasser, Heizung Sat-TV 32 Zoll, WLan, Safe Küchennische: ausreichende Ausrüstung mit &#8230; <a title="Weihnachten und Silvester" class="read-more" href="https://www.casaorchidea.it/de/weihnachten-silvester-gardasee-torri-2/" aria-label="Mehr Informationen über Weihnachten und Silvester">Continue&#8230;</a></p>
